mainder when n is divided by (c/3)/(3/27)?
6
Let b(h) = -h - 1. Let g(f) = f - 7. Let w(c) = 6*b(c) - g(c). What is the remainder when 44 is divided by w(-2)?
14
Suppose j - 3 = 1. Suppose -70 = -4*w + q, -93 = -j*w - w + 4*q. Suppose 4 = k, -6*l + 3*l - 5*k + 47 = 0. What is the remainder when w is divided by l?
8
Let q(v) = v**2 - 2*v - 6. What is the remainder when 22 is divided by q(5)?
4
Suppose 2*w = 0, y = 3*w - 4*w + 8. Suppose -53 = -3*n - y. Let a = 15 - 9. Calculate the remainder when n is divided by a.
3
What is the remainder when (0 + 12/(-16))/(1/(-12)) is divided by 7?
2
Suppose 0 = -3*h - 5*y + 5, -4*h - 3 + 13 = 5*y. Suppose -14 = -b + l, 0 = -2*b - 2*l - 3 + 27. What is the remainder when b is divided by h?
3
Suppose -10*n = -14*n + 76. What is the remainder when 50 is divided by n?
12
Suppose -3*v = 2*v + 5. Let i = v - -38. Suppose 2*k - 2*b - 28 = 0, 0 = -k + 5*k + 3*b - 49. What is the remainder when i is divided by k?
11
Let f = -29 - -30. Calculate the remainder when 1 is divided by f.
0
Let t(k) = -k**2 + 7*k - 2. Let r be t(6). Suppose 16 = -199*o + 203*o. Suppose y + r*h = 5, -y = -o*y + 4*h - 1. What is the remainder when 1 is divided by y?
0
Let v = -16 + 24. Calculate the remainder when 47 is divided by v.
7
Let y(p) = 3*p**2 + 2*p + 1. Calculate the remainder when 37 is divided by y(-3).
15
Let h(z) = z**2 + 12*z - 1. Let m be h(-14). Let j = m - 14. Calculate the remainder when 25 is divided by j.
12
Let k = 6 + -4. Let h be (-1 + -20)*1/(-3). Suppose -3*y + k*y = -h. Calculate the remainder when 20 is divided by y.
6
Let j(r) = 2*r**2 - 7*r - 1. Let q be j(5). Let c = 27 - q. What is the remainder when c is divided by 4?
1
Let n be (127 - 0) + 0 + 2. Let w be n/27 - (-6)/27. Suppose w*l = -3*o + 2*o + 115, o + 39 = 2*l. What is the remainder when 64 is divided by l?
20
Let t(r) = 0*r**2 + 5 + 6*r - 3*r**2 - 2*r**2 - r**3. Let u = 29 - 20. Calculate the remainder when u is divided by t(-6).
4
Let d(i) be the second derivative of i**4/12 - i**3/3 + i**2/2 - 5*i. Let p = 2 + 3. Calculate the remainder when 62 is divided by d(p).
14
Let z be ((-2)/5)/(8/(-560)). Suppose 49 = 3*o + j, 3*j + z + 35 = 5*o. Calculate the remainder when o is divided by 8.
7
Let x(p) = -2 + 0*p + 14 - p + 0*p. What is the remainder when 33 is divided by x(-6)?
15
Let i(p) = -p**3 + 18*p**2 + 3*p - 25. What is the remainder when 85 is divided by i(18)?
27
Suppose 4*i + 5*z - 107 = 0, 6 - 115 = -5*i + 2*z. Calculate the remainder when i is divided by 12.
11
Let a be (-10)/(-45) - 40/18. Calculate the remainder when a + (9 - (-2 + 1)) is divided by 5.
3
Suppose -3*d + 5*o = -30 - 13, -4*d - 4*o + 4 = 0. Let s = 3 + d. Calculate the remainder when 17 is divided by s.
8
Suppose 2*y = -5 + 11. Suppose 0 = y*x - 4*x + 9. Calculate the remainder when x is divided by (-2 - 0)/((-2)/3).
0
Suppose 0 = 5*l + i - 184, 4*l - 4*i - 35 = 93. Suppose 0 = u + 2*u - l. Suppose 0 = g + 4 - u. Calculate the remainder when g is divided by 5.
3
Let k(o) = 11 + 7*o - 6*o + 0*o. What is the remainder when k(0) is divided by 3?
2
Suppose -2*x + 5 = 3*x. What is the remainder when 10 is divided by 2 + 2 - x - -1?
2
Calculate the remainder when 93 is divided by (-4)/(-10) + 415/25 + -5.
9
Let f be ((-54)/(-8))/(7/28). Suppose v = -2*v + f. What is the remainder when v is divided by 5?
4
Suppose -2*m = -149 + 61. Let c = m + -29. What is the remainder when 28 is divided by c?
13
Suppose -4*j = -2*a + 48, 5*a = -4*j + 2*j. Let s(n) = n**2 + 9*n - 1. What is the remainder when 43 is divided by s(j)?
7
Let m be 32/18 + (-6)/(-27). Suppose 2*n - 196 = -m*n. Calculate the remainder when n is divided by 17.
15
Let i(o) = o**3 + 9*o**2 + 5*o + 2. Let y be i(-6). Suppose 7*z - 2*z = y. Suppose -2*x - 27 = -5*x. What is the remainder when z is divided by x?
7
Let j(x) = 10*x - 245. Let w(f) = f**3 - 3*f**2 - 3*f + 5. What is the remainder when j(28) is divided by w(4)?
8
Let f(j) = j**2 - 3*j + 3. Let h be (-6)/3 - (0 - -1). Let o = 7 + h. Calculate the remainder when f(4) is divided by o.
3
Suppose b = 5*b - 48. What is the remainder when 33 is divided by b?
9
Let k = -3 - -4. Let b be -2 + (k - 1)/3. What is the remainder when 7 is divided by (-1 - b)*3 - -1?
3
Suppose 19 = -b + 41. What is the remainder when b is divided by 8?
6
Let s = -8 - -11. Suppose 4*z = s*k - 83, -46 = -2*k + 3*z + 10. Calculate the remainder when k is divided by 13.
12
Suppose -2*v + 20 = 4*z, 2 = 2*z - 4*v - 8. Suppose 6 = -4*s + 58. What is the remainder when s is divided by z?
3
Suppose 4*o - 4*l = 240, 5*o - 2*l + 4*l - 293 = 0. Calculate the remainder when o is divided by 30.
29
Let n(a) = 3*a**3 + 16*a**2 + 9*a - 7. Let p(m) = m**3 + 8*m**2 + 4*m - 4. Let y(g) = -2*n(g) + 5*p(g). Calculate the remainder when 19 is divided by y(8).
9
Suppose -6*t = -172 + 46. What is the remainder when t is divided by 11?
10
Let q(x) = x**3 + 9*x**2 + 4*x - 14. Let d be -5*(2 + -3)*-1. Calculate the remainder when q(d) is divided by 17.
15
Let v(h) = 2*h - 19. Calculate the remainder when 3 is divided by v(10).
0
Suppose -4*x + 2*x + 3*s - 11 = 0, s = 3*x - 1. What is the remainder when 7 is divided by x?
1
Suppose 0 = -3*u - 4*j + 51, 2*u - 34 = -0*j + j. Calculate the remainder when 33 is divided by u.
16
Suppose -2*r - 14 = 4*y, -4*r - 4*y - 11 = -r. Suppose r*g + 247 = 5*j, -2*j + g = 2*j - 192. Calculate the remainder when j is divided by 12.
11
Let m = 30 - 12. Let b = 5 + 2. Calculate the remainder when m is divided by b.
4
Suppose 0 = -3*v - f - 2 + 33, 3*v - 4*f = 11. Suppose -34 = 3*m - 4*q, -m - m - q = 19. What is the remainder when 2/(-4) + (-175)/m is divided by v?
8
Let h = -6 + 18. What is the remainder when h is divided by 4?
0
Let z(c) = 2*c**2 + 2*c - 1. Suppose -6*h = -2*h + s - 126, s = -h + 33. Calculate the remainder when h is divided by z(-3).
9
Suppose 3 = 5*h - 47. Calculate the remainder when 48 is divided by h.
8
Suppose 5*n - 461 = -4*a + 49, 2*n + 4*a - 216 = 0. What is the remainder when n is divided by 25?
23
Calculate the remainder when 36/144 - 2*(-211)/8 is divided by 20.
13
Let a(n) = -6*n. Let b be a(-6). Let y(t) = -2 + t**2 + t + 4 + b. Calculate the remainder when y(0) is divided by 10.
8
Suppose -5*k + 10*k + 3*q = 93, -3*k + 50 = -4*q. Suppose 3*w = 4*f + 71 - k, 4*f - 24 = -4*w. What is the remainder when 20 is divided by w?
9
What is the remainder when 26 is divided by 4/(-10) - (-141)/15?
8
Suppose a + u = 8 + 7, u + 15 = 2*a. Suppose -4*g + 14 + a = 0. What is the remainder when 17 is divided by g?
5
Let u(f) = f**3 + 5*f**2 - f + 3. Let s be u(-4). Let c be ((-1)/(-2))/(1/22). Let g = s - c. What is the remainder when 34 is divided by g?
10
Calculate the remainder when 22 is divided by 3/(-2)*48/(-9).
6
Let w = -29 - -50. What is the remainder when 103 is divided by w?
19
Let n(q) = q**2 - 5*q + 2. Let d be n(4). Let b = 4 + d. Suppose -5*z = -k - b*k - 50, -3*k + 50 = 5*z. Calculate the remainder when 29 is divided by z.
9
Let n(d) = d**3 + 6*d**2 + 6*d + 1. Let s be (2/6)/((-6)/(-18)). Calculate the remainder when (12 + s)*2*1 is divided by n(-4).
8
Suppose 0*g - 5*g = -20. Let j = g - 2. Suppose -j*s = -6*s + 4. Calculate the remainder when 2 is divided by s.
0
Suppose -p + o = -20 - 22, 0 = -4*o - 8. What is the remainder when p is divided by 14?
12
Let a = -6 + 15. What is the remainder when (-3)/a + 785/15 is divided by 18?
16
Let v = -3 - -23. Let s(y) be the first derivative of y**3/3 - y**2/2 + y + 1. Calculate the remainder when v is divided by s(3).
6
Let z(a) = 3*a**2 - 2*a - 1. Let k be z(-1). Suppose -m + 26 = k*g, -2*m - g + 23 = m. Suppose -c + m = c. Calculate the remainder when 3 is divided by c.
0
Let x(h) = 4*h - 61. What is the remainder when x(31) is divided by 11?
8
Suppose -2*c = -2*v - 444, 4*c + 2*v - 160 = 740. Calculate the remainder when c is divided by 45.
44
Let d = 40 - 26. Let q(x) = 2*x**2 - 3*x - 14. What is the remainder when q(6) is divided by d?
12
Suppose -5*g + 36 = -24. Let c(p) be the second derivative of -2*p**3/3 + 11*p**2/2 + 2*p. What is the remainder when c(-9) is divided by g?
11
Calculate the remainder when 116 is divided by (-1*(-2 - -3))/((-4)/80).
16
Suppose -2*t + 3 = -5. Let a(x) = -4*x + 2*x**2 + 3 - 2*x